{"id":32,"date":"2016-09-22T11:39:46","date_gmt":"2016-09-22T11:39:46","guid":{"rendered":"http:\/\/prom.home.pl\/autoinstalator\/wordpress3\/?page_id=32"},"modified":"2021-07-09T09:38:59","modified_gmt":"2021-07-09T08:38:59","slug":"reklama","status":"publish","type":"page","link":"https:\/\/fleschmazowsza.com.pl\/?page_id=32","title":{"rendered":"Reklama"},"content":{"rendered":"<p>Dwutygodnik Flesch Mazowsza, ukazuje si\u0119 od stycznia 2012 roku w nak\u0142adzie 30.000 egzemplarzy.<\/p>\n<p>Piszemy o wszystkim co nurtuje mieszka\u0144c\u00f3w Mazowsza. Docieramy do czytelnik\u00f3w zamieszkuj\u0105cych Ursus, Nied\u017awiadek, W\u0142ochy oraz powiaty: pruszkowski, grodziski, \u017cyrardowski.<\/p>\n<p>Dystrybucja:<\/p>\n<ul>\n<li>\u00a0\u00a0\u00a0 sklepy codzienne (og\u00f3lnospo\u017cywcze),<\/li>\n<li>\u00a0\u00a0\u00a0 urz\u0119dy,<\/li>\n<li>\u00a0\u00a0\u00a0 biblioteki,<\/li>\n<li>\u00a0\u00a0\u00a0 biura rachunkowe,<\/li>\n<li>\u00a0\u00a0\u00a0 policja,<\/li>\n<li>\u00a0\u00a0\u00a0 apteki,<\/li>\n<li>\u00a0\u00a0\u00a0 stacje PKP,<\/li>\n<li>\u00a0\u00a0\u00a0 piekarnie.<\/li>\n<\/ul>\n<p>Dane techniczne:<\/p>\n<ul>\n<li>\u00a0\u00a0\u00a0 Format A3<\/li>\n<li>\u00a0\u00a0\u00a0 Nak\u0142ad: 30 000<\/li>\n<li>\u00a0\u00a0\u00a0 Pe\u0142en kolor<\/li>\n<li>\u00a0\u00a0\u00a0 12 stron<\/li>\n<li>\u00a0\u00a0\u00a0 Papier: 45 g\/cm<\/li>\n<\/ul>\n<p><strong>Jak zam\u00f3wi\u0107 reklam\u0119?<\/strong><\/p>\n<ul>\n<li>\u00a0\u00a0\u00a0\u00a0\u00a0\u00a0\u00a0 Drog\u0105 elektroniczn\u0105 \u2013 kontaktuj\u0105c si\u0119 z Biurem reklam i og\u0142osze\u0144 :\u00a0 <strong><a href=\"reklama@flesch.pl\">reklama@flesch.pl<\/a>\u00a0<a href=\"mailto:m.maczka@flesch.pl\">m.maczka@flesch.pl<\/a>\u00a0<a href=\"mailto:pruszkow@flesch.pl\">pruszkow@flesch.pl<\/a><\/strong><\/li>\n<li>\u00a0\u00a0\u00a0\u00a0\u00a0\u00a0\u00a0 Drog\u0105 telefoniczn\u0105 \u2013 dzwoni\u0105c pod nr. telefonu 022 730 33 41,\u00a0 885 585 001, 601 967 788, 885 585 008<\/li>\n<li>\u00a0\u00a0\u00a0\u00a0\u00a0\u00a0\u00a0 Osobi\u015bcie w siedzibie redakcji.<\/li>\n<\/ul>\n<p><strong>Wycena reklamy<\/strong><br \/>\nCena reklamy uzale\u017cniona jest od ilo\u015bci zam\u00f3wionych modu\u0142\u00f3w (wielko\u015bci reklamy), ilo\u015bci emisji, oraz strony na kt\u00f3rej ma si\u0119 pojawi\u0107 reklama.<\/p>\n<p><a href=\"http:\/\/fleschmazowsza.com.pl\/wp-content\/uploads\/2017\/03\/Cennik-reklam-w-dwutygodniku-Flesch-Mazowsza.pdf\" target=\"_blank\" rel=\"noopener\">Szczeg\u00f3\u0142owy cennik<\/a><br \/>\n<a href=\"http:\/\/fleschmazowsza.com.pl\/wp-content\/uploads\/2017\/03\/nowa_siatka_mod.pdf\" target=\"_blank\" rel=\"noopener\">Siatka modu\u0142owa<\/a><br \/>\n<strong>Z\u0142o\u017cenie zam\u00f3wienia<\/strong><br \/>\nAby z\u0142o\u017cy\u0107 zam\u00f3wienie na emisje reklamy nale\u017cy poda\u0107 zleceniobiorcy<\/p>\n<ul>\n<li>\u00a0\u00a0\u00a0\u00a0\u00a0\u00a0\u00a0 Zamawian\u0105 ilo\u015b\u0107 modu\u0142\u00f3w<\/li>\n<li>\u00a0\u00a0\u00a0\u00a0\u00a0\u00a0\u00a0 Zamawian\u0105 ilo\u015b\u0107 emisji<\/li>\n<li>\u00a0\u00a0\u00a0\u00a0\u00a0\u00a0\u00a0 Po\u017c\u0105dan\u0105 stron\u0119 emisji reklamy<\/li>\n<li>\u00a0\u00a0\u00a0\u00a0\u00a0\u00a0\u00a0 Informacje dotycz\u0105ce projektu reklamy tj. projekt w\u0142asny dostarczony przez reklamodawc\u0119 lub<br \/>\nprojekt<\/li>\n<li>\u00a0\u00a0\u00a0\u00a0\u00a0\u00a0\u00a0 przygotowany przez Dzia\u0142 Reklamy Flesch Mazowsza.<\/li>\n<\/ul>\n<p>Projekt dostarczany przez reklamodawc\u0119 powinien zosta\u0107 wys\u0142any w rozszerzeniu umo\u017cliwiaj\u0105cym jego edycj\u0119.<\/p>\n<p>W przypadku zlecenia przygotowania projektu, nale\u017cy bardzo szczeg\u00f3\u0142owo opisa\u0107 i wys\u0142a\u0107 na adres <strong> <a href=\"mailto:reklama@flesch.pl\">reklama@flesch.pl<\/a><\/strong> wytyczne dotycz\u0105ce reklamy. Po przygotowaniu projektu zostanie on wys\u0142any do reklamodawcy w celu akceptacji. Reklamodawca jest zobowi\u0105zany pisemnie potwierdzi\u0107 akceptacj\u0119 reklamy.<\/p>\n<p>Po zaakceptowaniu banneru reklamodawca zobowi\u0105zany jest przes\u0142a\u0107 drog\u0105 elektroniczn\u0105 na adres <strong> <a href=\"mailto:reklama@flesch.pl\">reklama@flesch.pl<\/a><\/strong> dane niezb\u0119dne do wystawienia faktury.<\/p>\n<p><strong>Emisja reklamy<\/strong><br \/>\nPo wystawieniu faktury zostaje ona wys\u0142ana do reklamodawcy w formie elektronicznej. Po zaksi\u0119gowaniu wp\u0142aty reklama zostaje umieszczona w dwutygodniku.<\/p>\n<p>Je\u015bli wszystkie operacje dotycz\u0105ce zam\u00f3wienia, przygotowania reklamy oraz p\u0142atno\u015bci zostan\u0105 zako\u0144czone do poniedzia\u0142ku poprzedzaj\u0105cego najbli\u017csze wydanie, pierwsza emisja reklamy odb\u0119dzie si\u0119 w tym wydaniu. Je\u015bli natomiast, formalno\u015bci zako\u0144cz\u0105 si\u0119 we wtorek lub p\u00f3\u017aniej, pierwsza emisja reklamy nast\u0105pi w kolejnym wydaniu dwutygodnika.<\/p>\n<p>W przypadku podj\u0119cia d\u0142u\u017cszej wsp\u00f3\u0142pracy dotycz\u0105cej emisji reklam pomi\u0119dzy zleceniodawc\u0105, a zleceniobiorc\u0105 zostaje spisana umowa o \u015bwiadczeniu us\u0142ug reklamowych w dwutygodniku Flesch Mazowsza.<\/p>\n<p>ZAPRASZAMY DO WSP\u00d3\u0141PRACY<\/p>\n","protected":false},"excerpt":{"rendered":"<p>Dwutygodnik Flesch Mazowsza, ukazuje si\u0119 od stycznia 2012 roku w nak\u0142adzie 30.000 egzemplarzy. Piszemy o wszystkim co nurtuje mieszka\u0144c\u00f3w Mazowsza. Docieramy do czytelnik\u00f3w zamieszkuj\u0105cych Ursus, Nied\u017awiadek, W\u0142ochy oraz powiaty: pruszkowski, grodziski, \u017cyrardowski. Dystrybucja: \u00a0\u00a0\u00a0 sklepy codzienne (og\u00f3lnospo\u017cywcze), \u00a0\u00a0\u00a0 urz\u0119dy, \u00a0\u00a0\u00a0 biblioteki, \u00a0\u00a0\u00a0 biura rachunkowe, \u00a0\u00a0\u00a0 policja, \u00a0\u00a0\u00a0 apteki, \u00a0\u00a0\u00a0 stacje PKP, \u00a0\u00a0\u00a0 piekarnie. Dane techniczne: [&hellip;]<\/p>\n","protected":false},"author":1,"featured_media":0,"parent":0,"menu_order":0,"comment_status":"closed","ping_status":"closed","template":"","meta":{"footnotes":""},"class_list":["post-32","page","type-page","status-publish","hentry"],"_links":{"self":[{"href":"https:\/\/fleschmazowsza.com.pl\/index.php?rest_route=\/wp\/v2\/pages\/32","targetHints":{"allow":["GET"]}}],"collection":[{"href":"https:\/\/fleschmazowsza.com.pl\/index.php?rest_route=\/wp\/v2\/pages"}],"about":[{"href":"https:\/\/fleschmazowsza.com.pl\/index.php?rest_route=\/wp\/v2\/types\/page"}],"author":[{"embeddable":true,"href":"https:\/\/fleschmazowsza.com.pl\/index.php?rest_route=\/wp\/v2\/users\/1"}],"replies":[{"embeddable":true,"href":"https:\/\/fleschmazowsza.com.pl\/index.php?rest_route=%2Fwp%2Fv2%2Fcomments&post=32"}],"version-history":[{"count":10,"href":"https:\/\/fleschmazowsza.com.pl\/index.php?rest_route=\/wp\/v2\/pages\/32\/revisions"}],"predecessor-version":[{"id":5216,"href":"https:\/\/fleschmazowsza.com.pl\/index.php?rest_route=\/wp\/v2\/pages\/32\/revisions\/5216"}],"wp:attachment":[{"href":"https:\/\/fleschmazowsza.com.pl\/index.php?rest_route=%2Fwp%2Fv2%2Fmedia&parent=32"}],"curies":[{"name":"wp","href":"https:\/\/api.w.org\/{rel}","templated":true}]}}

<p>Dwutygodnik Flesch Mazowsza, ukazuje się od stycznia 2012 roku w nakładzie 30.000 egzemplarzy.</p>
<p>Piszemy o wszystkim co nurtuje mieszkańców Mazowsza. Docieramy do czytelników zamieszkujących Ursus, Niedźwiadek, Włochy oraz powiaty: pruszkowski, grodziski, żyrardowski.</p>
<p>Dystrybucja:</p>
<ul>
<li>    sklepy codzienne (ogólnospożywcze),</li>
<li>    urzędy,</li>
<li>    biblioteki,</li>
<li>    biura rachunkowe,</li>
<li>    policja,</li>
<li>    apteki,</li>
<li>    stacje PKP,</li>
<li>    piekarnie.</li>
</ul>
<p>Dane techniczne:</p>
<ul>
<li>    Format A3</li>
<li>    Nakład: 30 000</li>
<li>    Pełen kolor</li>
<li>    12 stron</li>
<li>    Papier: 45 g/cm</li>
</ul>
<p><strong>Jak zamówić reklamę?</strong></p>
<ul>
<li>        Drogą elektroniczną – kontaktując się z Biurem reklam i ogłoszeń :  <strong><a href="reklama@flesch.pl">reklama@flesch.pl</a> <a href="mailto:m.maczka@flesch.pl">m.maczka@flesch.pl</a> <a href="mailto:pruszkow@flesch.pl">pruszkow@flesch.pl</a></strong></li>
<li>        Drogą telefoniczną – dzwoniąc pod nr. telefonu 022 730 33 41,  885 585 001, 601 967 788, 885 585 008</li>
<li>        Osobiście w siedzibie redakcji.</li>
</ul>
<p><strong>Wycena reklamy</strong><br />
Cena reklamy uzależniona jest od ilości zamówionych modułów (wielkości reklamy), ilości emisji, oraz strony na której ma się pojawić reklama.</p>
<p><a href="http://fleschmazowsza.com.pl/wp-content/uploads/2017/03/Cennik-reklam-w-dwutygodniku-Flesch-Mazowsza.pdf" target="_blank" rel="noopener">Szczegółowy cennik</a><br />
<a href="http://fleschmazowsza.com.pl/wp-content/uploads/2017/03/nowa_siatka_mod.pdf" target="_blank" rel="noopener">Siatka modułowa</a><br />
<strong>Złożenie zamówienia</strong><br />
Aby złożyć zamówienie na emisje reklamy należy podać zleceniobiorcy</p>
<ul>
<li>        Zamawianą ilość modułów</li>
<li>        Zamawianą ilość emisji</li>
<li>        Pożądaną stronę emisji reklamy</li>
<li>        Informacje dotyczące projektu reklamy tj. projekt własny dostarczony przez reklamodawcę lub<br />
projekt</li>
<li>        przygotowany przez Dział Reklamy Flesch Mazowsza.</li>
</ul>
<p>Projekt dostarczany przez reklamodawcę powinien zostać wysłany w rozszerzeniu umożliwiającym jego edycję.</p>
<p>W przypadku zlecenia przygotowania projektu, należy bardzo szczegółowo opisać i wysłać na adres <strong> <a href="mailto:reklama@flesch.pl">reklama@flesch.pl</a></strong> wytyczne dotyczące reklamy. Po przygotowaniu projektu zostanie on wysłany do reklamodawcy w celu akceptacji. Reklamodawca jest zobowiązany pisemnie potwierdzić akceptację reklamy.</p>
<p>Po zaakceptowaniu banneru reklamodawca zobowiązany jest przesłać drogą elektroniczną na adres <strong> <a href="mailto:reklama@flesch.pl">reklama@flesch.pl</a></strong> dane niezbędne do wystawienia faktury.</p>
<p><strong>Emisja reklamy</strong><br />
Po wystawieniu faktury zostaje ona wysłana do reklamodawcy w formie elektronicznej. Po zaksięgowaniu wpłaty reklama zostaje umieszczona w dwutygodniku.</p>
<p>Jeśli wszystkie operacje dotyczące zamówienia, przygotowania reklamy oraz płatności zostaną zakończone do poniedziałku poprzedzającego najbliższe wydanie, pierwsza emisja reklamy odbędzie się w tym wydaniu. Jeśli natomiast, formalności zakończą się we wtorek lub później, pierwsza emisja reklamy nastąpi w kolejnym wydaniu dwutygodnika.</p>
<p>W przypadku podjęcia dłuższej współpracy dotyczącej emisji reklam pomiędzy zleceniodawcą, a zleceniobiorcą zostaje spisana umowa o świadczeniu usług reklamowych w dwutygodniku Flesch Mazowsza.</p>
<p>ZAPRASZAMY DO WSPÓŁPRACY</p>

<p>Dwutygodnik Flesch Mazowsza, ukazuje się od stycznia 2012 roku w nakładzie 30.000 egzemplarzy. Piszemy o wszystkim co nurtuje mieszkańców Mazowsza. Docieramy do czytelników zamieszkujących Ursus, Niedźwiadek, Włochy oraz powiaty: pruszkowski, grodziski, żyrardowski. Dystrybucja:     sklepy codzienne (ogólnospożywcze),     urzędy,     biblioteki,     biura rachunkowe,     policja,     apteki,     stacje PKP,     piekarnie. Dane techniczne: [&hellip;]</p>
