{"id":30,"date":"2016-09-22T11:39:37","date_gmt":"2016-09-22T11:39:37","guid":{"rendered":"http:\/\/prom.home.pl\/autoinstalator\/wordpress3\/?page_id=30"},"modified":"2026-03-30T14:29:55","modified_gmt":"2026-03-30T13:29:55","slug":"redakcja","status":"publish","type":"page","link":"https:\/\/fleschmazowsza.com.pl\/?page_id=30","title":{"rendered":"Redakcja"},"content":{"rendered":"<div id=\"system\">\n<article class=\"item\">\n<header>\n<h1 class=\"title\">Stopka redakcyjna<\/h1>\n<\/header>\n<div class=\"content clearfix\"><strong>Redaktor naczelny:<\/strong> MARCIN GIZI\u0143SKI<br \/>\n<a href=\"mailto:redakcja@flesch.pl\">redakcja@flesch.pl<\/a><a href=\"mailto:reklama@flesch.pl\">reklama@flesch.pl<\/a><\/div>\n<div><\/div>\n<div class=\"content clearfix\"><strong>Dyrektor artystyczna:<\/strong> ANNA DZIKOWSKA<br \/>\n<a href=\"mailto:redakcja@flesch.pl\">a.dzikowska@flesch.pl<\/a><\/div>\n<div><\/div>\n<\/article>\n<\/div>\n<div class=\"content clearfix\"><strong>Dzia\u0142 reklamy:<\/strong><\/div>\n<div><\/div>\n<div class=\"content clearfix\">MONIKA M\u0104CZKA<\/div>\n<div>885 585 005<\/div>\n<div class=\"content clearfix\"><a href=\"mailto:reklama@flesch.pl\">m.maczka@flesch.pl<\/a><\/div>\n<div class=\"content clearfix\">\n<p>Sk\u0142ad i grafika: W\u0141ASNE<\/p>\n<p><strong>ADRES REDAKCJI:<\/strong><br \/>\n05 \u2013 804 Pruszk\u00f3w<br \/>\nUl. Boles\u0142awa Prusa 95 (r\u00f3g Plantowej i Wojska Polskiego)<br \/>\nTel.\/fax. 022 730 33 41, 0 885 585 001<br \/>\ne-mail: <a href=\"mailto:redakcja@flesch.pl\">redakcja@flesch.pl<\/a><\/p>\n<p><strong>Biuro reklam i og\u0142osze\u0144:<\/strong><br \/>\nTel.\/fax. 022 730 33 41, 885 585, 885 585 005, 885 585 008<br \/>\ne-mail:\u00a0 <a href=\"mailto:reklama@flesch.pl\">reklama@flesch.pl<\/a><a href=\"mailto:pruszkow@flesch.pl\"> pruszkow@flesch.pl\u00a0 m.maczka@flesch.pl<\/a><\/p>\n<p>Redakcja nie zwraca materia\u0142\u00f3w nie zam\u00f3wionych i zastrzega sobie prawo do ich skracania. Nie odpowiadamy za tre\u015b\u0107 zamieszczonych reklam i og\u0142osze\u0144. Na podstawie art. 25 ust. 1 pkt. 1 b Ustawy z dnia 4 lutego 1994 r. o prawie autorskim i prawach pokrewnych wydawca zastrzega, \u017ce dalsze rozpowszechnianie materia\u0142\u00f3w redakcyjnych opublikowanych w dwu\u00adtygodniku \u201eFLESCH Mazowsza\u201d zar\u00f3wno w formie elektronicznej jak i papierowej bez jego zgody jest zabronione.<\/p>\n<p><strong>Druk:<\/strong> ZPR Media S.A.<br \/>\nul. Matuszewska 14,<br \/>\n02-672 Warszawa<\/p>\n<p><strong>Wydawca:<\/strong> Bogdan Przew\u0142ocki<br \/>\nul. G\u0142\u00f3wna 56<br \/>\n05-830 Nadarzyn, Rusiec<\/p>\n<\/div>\n","protected":false},"excerpt":{"rendered":"<p>Stopka redakcyjna Redaktor naczelny: MARCIN GIZI\u0143SKI redakcja@flesch.plreklama@flesch.pl Dyrektor artystyczna: ANNA DZIKOWSKA a.dzikowska@flesch.pl Dzia\u0142 reklamy: MONIKA M\u0104CZKA 885 585 005 m.maczka@flesch.pl Sk\u0142ad i grafika: W\u0141ASNE ADRES REDAKCJI: 05 \u2013 804 Pruszk\u00f3w Ul. Boles\u0142awa Prusa 95 (r\u00f3g Plantowej i Wojska Polskiego) Tel.\/fax. 022 730 33 41, 0 885 585 001 e-mail: redakcja@flesch.pl Biuro reklam i og\u0142osze\u0144: Tel.\/fax. [&hellip;]<\/p>\n","protected":false},"author":1,"featured_media":0,"parent":0,"menu_order":0,"comment_status":"closed","ping_status":"closed","template":"","meta":{"footnotes":""},"class_list":["post-30","page","type-page","status-publish","hentry"],"_links":{"self":[{"href":"https:\/\/fleschmazowsza.com.pl\/index.php?rest_route=\/wp\/v2\/pages\/30","targetHints":{"allow":["GET"]}}],"collection":[{"href":"https:\/\/fleschmazowsza.com.pl\/index.php?rest_route=\/wp\/v2\/pages"}],"about":[{"href":"https:\/\/fleschmazowsza.com.pl\/index.php?rest_route=\/wp\/v2\/types\/page"}],"author":[{"embeddable":true,"href":"https:\/\/fleschmazowsza.com.pl\/index.php?rest_route=\/wp\/v2\/users\/1"}],"replies":[{"embeddable":true,"href":"https:\/\/fleschmazowsza.com.pl\/index.php?rest_route=%2Fwp%2Fv2%2Fcomments&post=30"}],"version-history":[{"count":16,"href":"https:\/\/fleschmazowsza.com.pl\/index.php?rest_route=\/wp\/v2\/pages\/30\/revisions"}],"predecessor-version":[{"id":5647,"href":"https:\/\/fleschmazowsza.com.pl\/index.php?rest_route=\/wp\/v2\/pages\/30\/revisions\/5647"}],"wp:attachment":[{"href":"https:\/\/fleschmazowsza.com.pl\/index.php?rest_route=%2Fwp%2Fv2%2Fmedia&parent=30"}],"curies":[{"name":"wp","href":"https:\/\/api.w.org\/{rel}","templated":true}]}}

<div id="system">
<article class="item">
<header>
<h1 class="title">Stopka redakcyjna</h1>
</header>
<div class="content clearfix"><strong>Redaktor naczelny:</strong> MARCIN GIZIŃSKI<br />
<a href="mailto:redakcja@flesch.pl">redakcja@flesch.pl</a><a href="mailto:reklama@flesch.pl">reklama@flesch.pl</a></div>
<div></div>
<div class="content clearfix"><strong>Dyrektor artystyczna:</strong> ANNA DZIKOWSKA<br />
<a href="mailto:redakcja@flesch.pl">a.dzikowska@flesch.pl</a></div>
<div></div>
</article>
</div>
<div class="content clearfix"><strong>Dział reklamy:</strong></div>
<div></div>
<div class="content clearfix">MONIKA MĄCZKA</div>
<div>885 585 005</div>
<div class="content clearfix"><a href="mailto:reklama@flesch.pl">m.maczka@flesch.pl</a></div>
<div class="content clearfix">
<p>Skład i grafika: WŁASNE</p>
<p><strong>ADRES REDAKCJI:</strong><br />
05 – 804 Pruszków<br />
Ul. Bolesława Prusa 95 (róg Plantowej i Wojska Polskiego)<br />
Tel./fax. 022 730 33 41, 0 885 585 001<br />
e-mail: <a href="mailto:redakcja@flesch.pl">redakcja@flesch.pl</a></p>
<p><strong>Biuro reklam i ogłoszeń:</strong><br />
Tel./fax. 022 730 33 41, 885 585, 885 585 005, 885 585 008<br />
e-mail:  <a href="mailto:reklama@flesch.pl">reklama@flesch.pl</a><a href="mailto:pruszkow@flesch.pl"> pruszkow@flesch.pl  m.maczka@flesch.pl</a></p>
<p>Redakcja nie zwraca materiałów nie zamówionych i zastrzega sobie prawo do ich skracania. Nie odpowiadamy za treść zamieszczonych reklam i ogłoszeń. Na podstawie art. 25 ust. 1 pkt. 1 b Ustawy z dnia 4 lutego 1994 r. o prawie autorskim i prawach pokrewnych wydawca zastrzega, że dalsze rozpowszechnianie materiałów redakcyjnych opublikowanych w dwu­tygodniku „FLESCH Mazowsza” zarówno w formie elektronicznej jak i papierowej bez jego zgody jest zabronione.</p>
<p><strong>Druk:</strong> ZPR Media S.A.<br />
ul. Matuszewska 14,<br />
02-672 Warszawa</p>
<p><strong>Wydawca:</strong> Bogdan Przewłocki<br />
ul. Główna 56<br />
05-830 Nadarzyn, Rusiec</p>
</div>

<p>Stopka redakcyjna Redaktor naczelny: MARCIN GIZIŃSKI redakcja@flesch.plreklama@flesch.pl Dyrektor artystyczna: ANNA DZIKOWSKA a.dzikowska@flesch.pl Dział reklamy: MONIKA MĄCZKA 885 585 005 m.maczka@flesch.pl Skład i grafika: WŁASNE ADRES REDAKCJI: 05 – 804 Pruszków Ul. Bolesława Prusa 95 (róg Plantowej i Wojska Polskiego) Tel./fax. 022 730 33 41, 0 885 585 001 e-mail: redakcja@flesch.pl Biuro reklam i ogłoszeń: Tel./fax. [&hellip;]</p>
